s of 6002724?
2, 3, 7, 13, 23, 239
List the prime factors of 17080021.
7, 2440003
What are the prime factors of 549915620?
2, 5, 577, 47653
What are the prime factors of 2545862892?
2, 3, 212155241
What are the prime factors of 294923973?
3, 17, 1667, 3469
What are the prime factors of 2834341825?
5, 7, 29, 558491
What are the prime factors of 26558866?
2, 13279433
What are the prime factors of 52714197?
3, 229, 25577
List the prime factors of 64341191.
64341191
What are the prime factors of 7207876211?
101, 71365111
What are the prime factors of 2242550309?
29, 41, 1886081
What are the prime factors of 7757154897?
3, 26431, 97829
List the prime factors of 69373137.
3, 181, 251, 509
List the prime factors of 491154519.
3, 2311, 70843
List the prime factors of 6946253453.
19, 365592287
List the prime factors of 371205122.
2, 185602561
List the prime factors of 44964869.
61, 737129
List the prime factors of 22204101.
3, 7401367
What are the prime factors of 497913292?
2, 23, 37, 146273
What are the prime factors of 277802757?
3, 41, 250951
List the prime factors of 739276023.
3, 246425341
List the prime factors of 56607161.
13, 17, 67, 3823
What are the prime factors of 195448607?
47, 79, 52639
List the prime factors of 367939209.
3, 11, 11149673
List the prime factors of 37746205.
5, 7, 17, 63439
List the prime factors of 249233399.
3167, 78697
What are the prime factors of 755108498?
2, 377554249
What are the prime factors of 4149587880?
2, 3, 5, 1280737
List the prime factors of 2381659186.
2, 1190829593
What are the prime factors of 2091124303?
7757, 269579
What are the prime factors of 624170273?
19, 263, 124909
List the prime factors of 7024023642.
2, 3, 1170670607
What are the prime factors of 8311615507?
13, 6367, 100417
What are the prime factors of 82708804?
2, 20677201
List the prime factors of 1767977714.
2, 617, 919, 1559
List the prime factors of 1038589637.
1607, 646291
List the prime factors of 483244018.
2, 241622009
What are the prime factors of 127595938?
2, 31, 2057999
What are the prime factors of 170492271?
3, 197, 288481
List the prime factors of 110786624.
2, 13, 133157
What are the prime factors of 4935486843?
3, 7, 31, 79, 10663
List the prime factors of 89563240.
2, 5, 13, 13249
What are the prime factors of 3563109445?
5, 7, 5641, 18047
List the prime factors of 1381912609.
7, 11, 17, 709, 1489
List the prime factors of 7334508.
2, 3, 173, 3533
List the prime factors of 14707410.
2, 3, 5, 490247
List the prime factors of 669498162.
2, 3, 8111, 13757
What are the prime factors of 149585635?
5, 17, 37, 47563
What are the prime factors of 245262612?
2, 3, 7, 67, 43579
List the prime factors of 2396634971.
43, 233, 5563
What are the prime factors of 112016579?
877, 127727
List the prime factors of 390268840.
2, 5, 13, 750517
What are the prime factors of 1265420870?
2, 5, 7, 18077441
List the prime factors of 1006408342.
2, 503204171
What are the prime factors of 18164939?
13, 1397303
What are the prime factors of 343429954?
2, 7, 17, 1442983
What are the prime factors of 109622705?
5, 21924541
What are the prime factors of 119735818?
2, 3089, 19381
What are the prime factors of 5131380963?
3, 17, 43, 113, 20707
List the prime factors of 1207241.
7, 19, 29, 313
List the prime factors of 1560303953.
13, 120023381
What are the prime factors of 99850457?
7, 37, 41, 9403
What are the prime factors of 100785256?
2, 11, 13, 8009
What are the prime factors of 163047570?
2, 3, 5, 7, 29, 41, 653
List the prime factors of 1268053900.
2, 5, 179, 70841
What are the prime factors of 31142817?
3, 31, 111623
List the prime factors of 116296506.
2, 3, 2153639
What are the prime factors of 63540645?
3, 5, 7, 17, 35597
What are the prime factors of 49717731?
3, 7, 2367511
What are the prime factors of 1521228440?
2, 5, 38030711
What are the prime factors of 536019163?
17, 23, 109, 12577
List the prime factors of 103121863.
13, 7932451
What are the prime factors of 3055500582?
2, 3, 97, 439, 11959
List the prime factors of 5896224606.
2, 3, 1777, 553013
What are the prime factors of 35334266?
2, 11, 1163, 1381
List the prime factors of 94437317.
13, 83, 87523
What are the prime factors of 122664376?
2, 15333047
What are the prime factors of 695174196?
2, 3, 29, 353, 5659
List the prime factors of 706796000.
2, 5, 176699
What are the prime factors of 999744102?
2, 3, 7, 7934477
List the prime factors of 41770253.
7, 5967179
What are the prime factors of 138910374?
2, 3, 1289, 5987
What are the prime factors of 860678685?
3, 5, 71, 269383
List the prime factors of 7426388814.
2, 3, 13, 95210113
What are the prime factors of 4833911?
4833911
List the prime factors of 146462.
2, 67, 1093
List the prime factors of 443625366.
2, 3, 59, 179, 7001
List the prime factors of 483093356.
2, 9739, 12401
What are the prime factors of 117869078?
2, 4919, 11981
What are the prime factors of 280904584?
2, 73, 481001
List the prime factors of 1421361886.
2, 7, 83, 1223203
List the prime factors of 177419906.
2, 271, 327343
What are the prime factors of 56213229?
3, 19, 986197
What are the prime factors of 329569865?
5, 509, 129497
What are the prime factors of 386049055?
5, 7, 43, 199, 1289
What are the prime factors of 57908807?
11, 53, 71, 1399
What are the prime factors of 62026688?
2, 969167
List the prime factors of 2244115064.
2, 89, 3151847
List the prime factors of 1374303951.
3, 43, 3551173
What are the prime factors of 306464881?
2141, 143141
List the prime factors of 74575110.
2, 3, 5, 173, 14369
List the prime factors of 312003492.
2, 3, 26000291
What are the prime factors of 793809865?
5, 158761973
List the prime factors of 6920273.
6920273
List the prime factors of 3266130473.
557, 5863789
List the prime factors of 43996829.
43996829
List the prime factors of 38973883.
13, 19, 29, 5441
What are the prime factors of 190999066?
2, 107, 139, 6421
What are the prime factors of 67886260?
2, 5, 13, 261101
What are the prime factors of 426098203?
199, 2141197
List the prime factors of 23626853.
47, 502699
List the prime factors of 376108044.
2, 3, 13, 2410949
What are the prime factors of 1073042379?
3, 929, 128339
What are the prime factors of 11821975?
5, 11, 42989
List the prime factors of 1761192119.
31, 37, 1535477
List the prime factors of 2153994686.
2, 2153, 500231
What are the prime factors of 25788776?
2, 13, 19, 31, 421
List the prime factors of 54068396.
2, 37, 365327
List the prime factors of 75291.
3, 25097
What are the prime factors of 553953380?
2, 5, 1549, 17881
What are the prime factors of 53229239?
7, 29, 47, 797
What are the prime factors of 102738475?
5, 7, 47, 12491
What are the prime factors of 61247358?
2, 3, 37, 41, 2243
List the prime factors of 123007352.
2, 13, 1182763
What are the prime factors of 2054895165?
3, 5, 45664337
List the prime factors of 1431924019.
547, 2617777
What are the prime factors of 30623398?
2, 13, 971, 1213
What are the prime factors of 13696045?
5, 11, 227, 1097
List the prime factors of 349167112.
2, 7, 109, 57203
What are the prime factors of 750053856?
2, 3, 7813061
What are the prime factors of 6247843?
7, 127507
List the prime factors of 53563832.
2, 7, 47, 433
List the prime factors of 2385718.
2, 137, 8707
What are the prime factors of 13081175?
5, 29, 18043
List the prime factors of 4161369827.
4161369827
List the prime factors of 334063389.
3, 11, 61, 263, 631
What are the prime factors of 418134296?
2, 23, 29, 3407
What are the prime factors of 119758260?
2, 3, 5, 1995971
List the prime factors of 421073283.
3, 37, 223, 17011
What are the prime factors of 17548614?
2, 3, 974923
What are the prime factors of 1837944903?
3, 612648301
List the prime factors of 52729598.
2, 19, 29, 59, 811
What are the prime factors of 94096309?
17, 5535077
What are the prime factors of 901215080?
2, 5, 22530377
List the prime factors of 9131359680.
2, 3, 5, 1607, 1973
List the prime factors of 13095631.
13095631
What are the prime factors of 90551078?
2, 17, 2663267
List the prime factors of 49803922.
2, 7, 251, 14173
What are the prime factors of 35933271?
3, 11, 277, 3931
List the prime factors of 68409407.
11, 103, 499
What are the prime factors of 346162666?
2, 3301, 52433
What are the prime factors